{"id":134,"date":"2021-11-10T14:25:31","date_gmt":"2021-11-10T14:25:31","guid":{"rendered":"https:\/\/www.efppsuomi.fi\/?page_id=134"},"modified":"2023-01-28T20:32:41","modified_gmt":"2023-01-28T18:32:41","slug":"efpp-eurooppa","status":"publish","type":"page","link":"https:\/\/www.efppsuomi.fi\/index.php\/efpp-eurooppa\/","title":{"rendered":"EFPP Eurooppa"},"content":{"rendered":"\n<h2 class=\"wp-block-heading\">The European Federation for Psychoanalytic Psychotherapy<\/h2>\n\n\n\n<p>EFPP on eurooppalainen katto-organisaatio, jonka j\u00e4seni\u00e4 ovat kansalliset yhdistykset. N\u00e4m\u00e4 koostuvat psykoanalyyttisist\u00e4 aikuisten, lasten ja nuorten, ryhm\u00e4-, pari- ja perhepsykoterapeuteista sek\u00e4 joistain psykoanalyytikoista ett\u00e4 psykoanalyyttisist\u00e4 organisaatioista, jotka ajavat EFPP:n tavoitteita ja osallistuvat julkisten palveluiden tarjontaan.<\/p>\n\n\n\n<p>EFPP perustettiin 1991 samaan aikaan kun Euroopan Unioni laajensi j\u00e4senmaiden v\u00e4list\u00e4 asukkaiden vapaata liikkumista. Aloite EFPP:sta tuli Iso-Britannialta ja sen perustivat brittil\u00e4iset psykoanalyytikot ja psykiatri Brian Martindale yhteisty\u00f6ss\u00e4 Iso-Britannian ja muiden eurooppalaisten kollegoidensa kanssa. EFPP:n p\u00e4\u00e4taivoite on alusta asti ollut edist\u00e4\u00e4 erityisesti Euroopan kansalaisten mielenterveydellist\u00e4 hyvinvointia ja toimia kommunikointikanavana psykoanalyyttisten psykoterapeuttien v\u00e4lill\u00e4 eri puolilla Eurooppaa. EFPP pyrkii levitt\u00e4m\u00e4\u00e4n psykoanalyyttista psykoterapiaa ja sen k\u00e4ytt\u00f6\u00e4 j\u00e4senmaissa. Erityisesti se keskittyy mielenterveyteen ja psykologiaan liittyvien julkisten palveluiden kehitt\u00e4miseen.<\/p>\n\n\n\n<h2 class=\"wp-block-heading\">J\u00e4senyys<\/h2>\n\n\n\n<p>EFPP:n j\u00e4senyys on avoinna kaikille Euroopan maille. Poikkeuksellisesti Euroopan ulkopuolinen maa voidaan hyv\u00e4ksy\u00e4 j\u00e4seneksi, mik\u00e4li Ty\u00f6valiokunta hyv\u00e4ksyy anomuksen ja sen ratifioi 2\/3 Yleiskokouksen \u00e4\u00e4nest\u00e4vist\u00e4 edustajista.<\/p>\n\n\n\n<h2 class=\"wp-block-heading\">Maat\/ J\u00e4senet<\/h2>\n\n\n\n<p>EFPP edustaa noin 13&nbsp;000 psykoanalyyttista psykoterapeuttia ja sill\u00e4 on kansallisia j\u00e4senverkostoja 30 maassa: Alankomaat, Belgia, Espanja, Iso-Britannia, Irlanti, Israel, Italia, Kreikka, Kroatia, Kypros, Liettua, Luxemburg, Norja, Portugali, Puola, Ranska, Romania, Ruotsi, Saksa, Serbia, Slovakia, Slovenia, Suomi, Sveitsi, Tanska, Tsekin tasavalta, Ukraina, Ven\u00e4j\u00e4, Viro ja Turkki.<\/p>\n\n\n\n<h2 class=\"wp-block-heading\">Liit\u00e4nn\u00e4isj\u00e4senet<\/h2>\n\n\n\n<p>Seuraavat maat on t\u00e4h\u00e4n menness\u00e4 hyv\u00e4ksytty liit\u00e4nn\u00e4isj\u00e4seniksi: Armenia, Bulgaria, Georgia, Kazakstan, Latvia ja Turkki.<\/p>\n\n\n\n<h2 class=\"wp-block-heading\">Tarkkailijaj\u00e4senet<\/h2>\n\n\n\n<p>Moldovan jaoksilla on tarkkailijaj\u00e4senyys.<\/p>\n\n\n\n<h2 class=\"wp-block-heading\">Kansallisia sivustoja<\/h2>\n\n\n\n<p>Sivustoja tarjoaa toistaiseksi Belgia (vvpt ja ffbpp), Tanska, Suomi, Saksa, Libanon, Puola, Ven\u00e4j\u00e4, Slovenia, Espanja, Ruotsi, Sveitsi, Ukraina ja Turkki. Monet muut kansalliset sivustot ovat valmisteilla. Lis\u00e4\u00e4 tietoja EFPP:n sivuilta.<\/p>\n\n\n\n<p><a href=\"http:\/\/efpp.org\" target=\"_blank\" rel=\"noreferrer noopener\"><strong>Linkki EFPP:n sivuille<\/strong><\/a><\/p>\n","protected":false},"excerpt":{"rendered":"<p>The European Federation for Psychoanalytic Psychotherapy EFPP on&#8230;<\/p>\n<div class=\"more-link-wrapper\"><a class=\"more-link\" href=\"https:\/\/www.efppsuomi.fi\/index.php\/efpp-eurooppa\/\">Lue lis\u00e4\u00e4<span class=\"screen-reader-text\">EFPP Eurooppa<\/span><\/a><\/div>\n","protected":false},"author":1,"featured_media":0,"parent":0,"menu_order":0,"comment_status":"closed","ping_status":"closed","template":"","meta":{"footnotes":""},"class_list":["post-134","page","type-page","status-publish","hentry","entry"],"_links":{"self":[{"href":"https:\/\/www.efppsuomi.fi\/index.php\/wp-json\/wp\/v2\/pages\/134","targetHints":{"allow":["GET"]}}],"collection":[{"href":"https:\/\/www.efppsuomi.fi\/index.php\/wp-json\/wp\/v2\/pages"}],"about":[{"href":"https:\/\/www.efppsuomi.fi\/index.php\/wp-json\/wp\/v2\/types\/page"}],"author":[{"embeddable":true,"href":"https:\/\/www.efppsuomi.fi\/index.php\/wp-json\/wp\/v2\/users\/1"}],"replies":[{"embeddable":true,"href":"https:\/\/www.efppsuomi.fi\/index.php\/wp-json\/wp\/v2\/comments?post=134"}],"version-history":[{"count":10,"href":"https:\/\/www.efppsuomi.fi\/index.php\/wp-json\/wp\/v2\/pages\/134\/revisions"}],"predecessor-version":[{"id":1888,"href":"https:\/\/www.efppsuomi.fi\/index.php\/wp-json\/wp\/v2\/pages\/134\/revisions\/1888"}],"wp:attachment":[{"href":"https:\/\/www.efppsuomi.fi\/index.php\/wp-json\/wp\/v2\/media?parent=134"}],"curies":[{"name":"wp","href":"https:\/\/api.w.org\/{rel}","templated":true}]}}