{"id":144,"date":"2021-11-10T14:36:57","date_gmt":"2021-11-10T14:36:57","guid":{"rendered":"https:\/\/www.efppsuomi.fi\/?page_id=144"},"modified":"2023-01-26T21:24:45","modified_gmt":"2023-01-26T19:24:45","slug":"efpp-suomi","status":"publish","type":"page","link":"https:\/\/www.efppsuomi.fi\/index.php\/efpp-suomi\/","title":{"rendered":"EFPP Suomi"},"content":{"rendered":"\n<p><strong>The European Federation for Psychoanalytic Psychotherapy &#8211; Suomen kansallinen verkosto ry &#8211; Finlands nationella n\u00e4tverk rf<\/strong> on psykoanalyyttist\u00e4 psykoterapiakoulutusta antavien yhteis\u00f6jen ja niiden kouluttamien psykoterapeuttien yhdistys.&nbsp;Sen tarkoituksena on edist\u00e4\u00e4 ja kehitt\u00e4\u00e4 psykoanalyyttista psykoterapiaa Suomessa. <\/p>\n\n\n\n<p>EFPP pyrkii edist\u00e4m\u00e4\u00e4n aikuisten, lasten ja nuorten, parien ja perheiden sek\u00e4 ryhmien psykoanalyyttisen psykoterapian ja sen sovellusten saatavuutta ja kehitt\u00e4mist\u00e4 sek\u00e4 julkisen ett\u00e4 yksityisen sektorin mielenterveyspalveluina. Lasten ja nuorten sek\u00e4 aikuisten psykoterapiakoulutuksille, ryhm\u00e4psykoterapiakoulutuksille sek\u00e4 pari- ja perhepsykoterapiakoulutuksille on m\u00e4\u00e4ritetty yleiseurooppalaiset koulutusstandardit.<\/p>\n\n\n\n<p>EFPP Suomen kansallinen verkosto on 1991 perustetun The European Federation for Psychoanalytic Psychotherapy (EFPP) eli Euroopan Psykoanalyyttisen Psykoterapian Federaation j\u00e4sen. EFPP on Euroopan Unionin ja sen naapurimaiden alueella toimivien kansallisten psykoanalyyttisen psykoterapian verkostojen katto-organisaatio.<\/p>\n\n\n\n<p>Suomella on edustus eurooppalaisen emo-organisaation kaikissa nelj\u00e4ss\u00e4 jaoksessa, jotka ovat psykoanalyyttinen aikuisten yksil\u00f6psykoterapia, psykoanalyyttinen lasten- ja nuorisopsykoterapia, psykoanalyyttinen ryhm\u00e4psykoterapia ja psykoanalyyttinen pari- ja perhepsykoterapia.<\/p>\n","protected":false},"excerpt":{"rendered":"<p>The European Federation for Psychoanalytic Psychotherapy &#8211; Suomen&#8230;<\/p>\n<div class=\"more-link-wrapper\"><a class=\"more-link\" href=\"https:\/\/www.efppsuomi.fi\/index.php\/efpp-suomi\/\">Lue lis\u00e4\u00e4<span class=\"screen-reader-text\">EFPP Suomi<\/span><\/a><\/div>\n","protected":false},"author":1,"featured_media":0,"parent":0,"menu_order":0,"comment_status":"closed","ping_status":"closed","template":"","meta":{"footnotes":""},"class_list":["post-144","page","type-page","status-publish","hentry","entry"],"_links":{"self":[{"href":"https:\/\/www.efppsuomi.fi\/index.php\/wp-json\/wp\/v2\/pages\/144","targetHints":{"allow":["GET"]}}],"collection":[{"href":"https:\/\/www.efppsuomi.fi\/index.php\/wp-json\/wp\/v2\/pages"}],"about":[{"href":"https:\/\/www.efppsuomi.fi\/index.php\/wp-json\/wp\/v2\/types\/page"}],"author":[{"embeddable":true,"href":"https:\/\/www.efppsuomi.fi\/index.php\/wp-json\/wp\/v2\/users\/1"}],"replies":[{"embeddable":true,"href":"https:\/\/www.efppsuomi.fi\/index.php\/wp-json\/wp\/v2\/comments?post=144"}],"version-history":[{"count":6,"href":"https:\/\/www.efppsuomi.fi\/index.php\/wp-json\/wp\/v2\/pages\/144\/revisions"}],"predecessor-version":[{"id":1866,"href":"https:\/\/www.efppsuomi.fi\/index.php\/wp-json\/wp\/v2\/pages\/144\/revisions\/1866"}],"wp:attachment":[{"href":"https:\/\/www.efppsuomi.fi\/index.php\/wp-json\/wp\/v2\/media?parent=144"}],"curies":[{"name":"wp","href":"https:\/\/api.w.org\/{rel}","templated":true}]}}